ulate the highest common divisor of i and y.
11
Let x = -102 + 193. Calculate the greatest common factor of x and 14.
7
Suppose -3*r + 8 = -2*y - 4, 4*r - y - 11 = 0. Suppose -r*d = -1 - 9. Suppose 2*z = -41 + 51. Calculate the greatest common factor of d and z.
5
Let o(r) = 11*r - 139. Let d be o(15). Calculate the greatest common divisor of 91 and d.
13
Let f(j) = -j**3 - 13*j**2 + 8*j + 24. Let n be f(-14). Calculate the greatest common divisor of n and 48.
12
Suppose -155 = -8*z + 45. Let k(n) = -2*n**3 + 50*n**2 + 4*n - 28. Let q be k(z). What is the greatest common divisor of 9 and q?
9
Let n(f) = 182*f**2 + 3*f - 3. Let u be n(1). Let w = u + -126. Calculate the greatest common divisor of 14 and w.
14
Let m be -2 - (-68 + (-4)/(-2)). Let x(c) = -c**3 - 20*c**2 + 28*c + 155. Let s be x(-21). What is the highest common divisor of s and m?
8
Let g(w) = w + 1. Let d be g(7). Let c(p) = -p**3 + 11*p**2 - 8*p + 12. Let j be c(d). Let h = -1547 - -1567. What is the greatest common divisor of h and j?
20
Let k = -26 - -46. Let n be (-184)/2576 - (-2521)/14. What is the greatest common factor of k and n?
20
Suppose -2*m = -4*k + 3960, 3*k + 0*m - 2972 = 2*m. What is the greatest common factor of k and 76?
76
Let c(u) = -u**3 - 7*u**2 - 3*u - 4. Let j be c(-7). Suppose -3*y + j = 38. Let b be (2 - 7)*7/y. Calculate the greatest common divisor of 55 and b.
5
Suppose 2*h + 8 = 3*u, 5*h - 10 = -5*u + 20. Suppose 6*i - 4 = h*i. Let t be i + 116 + -2 + -1. What is the greatest common divisor of t and 19?
19
Suppose -2*z + 280 = 3*z. Let l be (12/(-8))/(6/4). Let b be 410/30 - l/3. Calculate the greatest common divisor of b and z.
14
Let d = 540 + -535. Let w(l) = -2*l**3 - 7*l**2 - 3*l - 10. Let h be w(-5). Calculate the greatest common factor of h and d.
5
Let s be ((-31)/(-2) + -1)*2668/46. Calculate the greatest common divisor of s and 29.
29
Let d = -17 - -25. Let v(t) = -12*t + 73. Let h be v(6). Calculate the greatest common factor of h and d.
1
Let h be 1/(-3)*-28*(-51)/(-34). What is the greatest common factor of h and 56?
14
Suppose -5*p = -5*g - 95, 0 = -p - 6*g + g + 37. Suppose -3*b = -15, 0 = 2*c + 3*b - 5*b - p. What is the highest common divisor of c and 16?
16
Let n be (-2088)/(-120)*5/3. Suppose -928 = -5*x + x. Calculate the highest common divisor of n and x.
29
Let h(k) = -182*k**3 - 4*k**2 - 3*k - 2. Let n be h(-2). Calculate the highest common divisor of 38 and n.
38
Let v be (2 - 102/(-4))*8/(-10). Let i = v - -36. Calculate the greatest common factor of 35 and i.
7
Let h(t) = 22*t + 102. Let m be h(9). Calculate the greatest common factor of 12 and m.
12
Suppose 2*l - 6 = -2, -2*t + 4*l = 0. Suppose 0 = 10*v - t*v + 906. Let q = v + 303. What is the highest common divisor of 19 and q?
19
Let a = 1947 + -1935. Let o be (5 + -2)/(-1)*-1. What is the highest common divisor of a and o?
3
Let z(t) be the first derivative of -6*t + 4 + 2/3*t**3 + 7/2*t**2. Let n be z(4). What is the highest common divisor of n and 27?
27
Suppose -j = -113*f + 115*f - 5, 3*f - 10 = j. What is the greatest common divisor of 147 and f?
3
Let v(h) = 19*h + 969. Let f be v(-49). What is the highest common divisor of 1330 and f?
38
Suppose 4*r = -4 - 8. Let y(l) = -17*l + 5. Let c be y(r). Let o(b) = b + 3. Let h be o(5). Calculate the highest common divisor of c and h.
8
Suppose u + 2*x - 7 - 3 = 0, -6 = 3*x. Suppose 10 = 3*d - d + 2*r, 0 = -4*d + r + 45. Let w = d + 4. Calculate the highest common factor of w and u.
14
Let g = -848 - -876. What is the highest common divisor of g and 896?
28
Let w be 6/(-8) - (-6 - (-3234)/(-24)). Calculate the highest common divisor of 84 and w.
28
Let s(o) be the second derivative of o**4/12 - 3*o**3 - 17*o**2 - 8*o. Let p be s(20). Calculate the highest common divisor of 2 and p.
2
Let t = 3 - 22. Let v = -4 - t. Suppose -5*b + 0 = -v. What is the highest common factor of 27 and b?
3
Let j(s) = 5*s**2 - 21*s + 138. Let g be j(7). What is the greatest common factor of 177 and g?
59
Suppose -2*t = -4*u + 2*t + 16, -5*t - 11 = 4*u. What is the highest common divisor of u and 16?
1
Let x(c) = -c + 56. Let b be x(0). Let o(a) = -a**3 + 8*a**2 - 5*a. Let p be o(2). What is the highest common factor of p and b?
14
Suppose 4*m + 96 = w - 62, 2*w - 332 = 4*m. Calculate the greatest common divisor of w and 6.
6
Let x(g) = 3*g**2 - 17*g + 62. Let k be x(6). Calculate the greatest common factor of 4 and k.
4
Let z be 0 - (-51)/2 - (-1452)/(-968). Calculate the highest common factor of z and 228.
12
Suppose 0 = c - 1 - 3. Suppose 74 = c*j - 2*a, 4*j - 32 - 40 = 4*a. Let o = -103 + 312. Calculate the greatest common factor of j and o.
19
Let f be 28/6 + 14 + (-748)/51. What is the highest common factor of 1260 and f?
4
Suppose -4*s = -5*y - 527, 3*s - 369 = -20*y + 15*y. Calculate the highest common divisor of s and 224.
32
Let x = 2 + 11. Suppose 8*k + 55 = x*k. Calculate the greatest common divisor of k and 33.
11
Suppose 5*f + 9 = 219. Let q(y) = 2*y + 2. Let r be q(6). Calculate the greatest common factor of r and f.
14
Let o = -45 - -16. Let u = o - -55. Calculate the highest common factor of u and 26.
26
Suppose 2*q = 212 + 188. Let s = -8095 - -8105. Calculate the greatest common divisor of q and s.
10
Suppose 0 = -3*n + 4*k + 166 + 180, 4*n + 2*k = 432. What is the greatest common factor of n and 44?
22
Let f = -1077 - -1765. What is the highest common factor of f and 24?
8
Let m(t) = -130*t + 2. Let d be m(-1). Let z = 56 - 44. What is the greatest common factor of z and d?
12
Suppose -4 = -4*k + 2*k. Suppose -5*o + 151 = k*c, 0 = -o - 4*o - 4*c + 157. What is the greatest common divisor of 174 and o?
29
Let c be 29254/50 + (-12)/150. Calculate the greatest common divisor of 45 and c.
45
Let f = -66 - -68. Let v be ((-8)/(-20))/(f/20). What is the highest common divisor of v and 44?
4
Let p(s) = -s**3 - 7*s**2 - 8. Suppose 3 + 5 = -w. Let q be p(w). What is the greatest common factor of q and 8?
8
Let m be 3/(-5) + (-936)/(-60). Calculate the highest common divisor of 10 and m.
5
Let v be (-8)/(-4 - 0) + 4. Suppose -539 = -v*b + 517. What is the greatest common divisor of 16 and b?
16
Suppose -5*x + 24 + 26 = 0. Let g be 168/5 + (-6)/x. What is the greatest common factor of g and 11?
11
Let t = -1 - -3. Let z(w) = 3 + 0 - 4*w**2 - w**3 + t - 3*w. Let u be z(-4). What is the greatest common divisor of u and 17?
17
Let m be (-23374)/(-406) - 6/(-14). What is the highest common factor of m and 87?
29
Let p be ((-90)/25)/((-30)/6225). Calculate the highest common divisor of 9 and p.
9
Suppose -j = -w - w + 40, 4*w = -5*j + 66. What is the greatest common factor of 152 and w?
19
Let s(u) = 15*u + 340. Let l be s(-20). Calculate the greatest common factor of l and 88.
8
Let y(m) = 4*m**2 + 21*m + 25. Let r be y(-5). Calculate the highest common divisor of 15 and r.
5
Suppose -101*b = 3*b - 158080. Calculate the highest common divisor of 95 and b.
95
Suppose g + 7 = 2*v - 6, -4*v - g + 17 = 0. Suppose v*b - 62 = -0*t - 3*t, 5*b + 4*t - 66 = 0. What is the greatest common divisor of 20 and b?
10
Let z be 1/(-2)*-2*65. Let n be (1 + -2)*(8 - 21). Calculate the highest common divisor of z and n.
13
Suppose 8*v = b + 12*v - 448, 2*b - 916 = -4*v. Calculate the highest common divisor of 36 and b.
36
Suppose -27*g - 168 = -34*g. What is the highest common divisor of g and 24?
24
Suppose -u = 4*u + 3*r - 1427, 860 = 3*u - 2*r. What is the highest common divisor of 22 and u?
22
Let i(u) = -5*u**3 + 2*u**2 + 2*u - 2. Let m = -3 - 5. Let g = -10 - m. Let x be i(g). What is the greatest common divisor of 6 and x?
6
Let v(t) = 34*t + 4. Let j be v(2). Let k be 2 + -1 + 4 + 3. What is the highest common divisor of k and j?
8
Let r = 44 - 37. Suppose -54 = f - r*f. Calculate the greatest common divisor of 9 and f.
9
Let c be 2476/10 - 14/(-35). Let b be ((-30)/(-8))/(6/c). Calculate the highest common divisor of 31 and b.
31
Let q be (195 - 1 - -2) + 2. Let n(l) = l**2 - 5*l + 12. Let g be n(6). Calculate the highest common divisor of g and q.
18
Let n be (-273)/(-6)*1*(1 - -1). Calculate the greatest common factor of 52 and n.
13
Let t = 580 - 464. Calculate the highest common factor of 8 and t.
4
Suppose -35 = 2*l + 5*o - 176, -5 = -5*o. 